{"id":252,"date":"2013-08-21T18:15:16","date_gmt":"2013-08-21T16:15:16","guid":{"rendered":"http:\/\/statiuniti.evolutiontravel.it\/infovacanze\/?page_id=252"},"modified":"2019-05-22T10:35:26","modified_gmt":"2019-05-22T08:35:26","slug":"massachusetts","status":"publish","type":"page","link":"https:\/\/statiuniti.evolutiontravel.it\/infovacanze\/destinazioni\/massachusetts\/","title":{"rendered":"Massachusetts"},"content":{"rendered":"<p>Durante le tue <strong>vacanze in Massachusetts<\/strong> potrai vedere davvero tante attrazioni, a partire da <strong>Boston, la capitale<\/strong> del Massachusetts.<\/p>\n<p>Boston \u00e8 anche la citt\u00e0 pi\u00f9 grande di questo stato americano del New England e <strong>una delle pi\u00f9 antiche degli Stati Uniti<\/strong>.<\/p>\n<div id=\"attachment_597\" style=\"width: 796px\" class=\"wp-caption aligncenter\"><img loading=\"lazy\" decoding=\"async\" aria-describedby=\"caption-attachment-597\" class=\"wp-image-597 size-full\" src=\"https:\/\/statiuniti.evolutiontravel.it\/infovacanze\/wp-content\/uploads\/sites\/17\/2013\/09\/Boston.png\" alt=\"Boston\" width=\"786\" height=\"586\" srcset=\"https:\/\/statiuniti.evolutiontravel.it\/infovacanze\/wp-content\/uploads\/sites\/17\/2013\/09\/Boston.png 786w, https:\/\/statiuniti.evolutiontravel.it\/infovacanze\/wp-content\/uploads\/sites\/17\/2013\/09\/Boston-300x223.png 300w, https:\/\/statiuniti.evolutiontravel.it\/infovacanze\/wp-content\/uploads\/sites\/17\/2013\/09\/Boston-402x300.png 402w\" sizes=\"(max-width: 786px) 100vw, 786px\" \/><p id=\"caption-attachment-597\" class=\"wp-caption-text\"><em>Boston vista dall&#8217;alto.<\/em><\/p><\/div>\n<p>Qui ci sono tante occasioni per divertirsi. Per citare solo alcune delle <strong>cose da fare<\/strong> a Boston:<\/p>\n<ul>\n<li>Freedom Tail;<\/li>\n<li>Aquarium;<\/li>\n<li>parchi e giardini pubblici;<\/li>\n<li>Musei, soprattutto di scienze, arte;<\/li>\n<li>notevoli opere architettoniche quali chiese e castelli, uno su tutti <strong>Castle Island<\/strong>.<\/li>\n<\/ul>\n<h2>Massachusetts: destinazioni da non perdere in vacanza<\/h2>\n<p>Se hai abbastanza tempo da dedicare alla scoperta di questo stato americano ecco qui <strong>alcune mete da non perdere<\/strong>. A seconda di quello che vuoi fare in vacanza ecco qui alcuni suggerimenti:<\/p>\n<ul>\n<li>Capo Cod e Martha&#8217;s Vineyard <strong>per il mare e la spiaggia<\/strong><\/li>\n<li><strong>luoghi di interesse<\/strong>: Salem, Nantucket, Provincetown, Plymouth, Chatham, Hyannis, Amherst, Worcester, Newburyport, Gloucester, Cambrige, Sturbridge, Barnstable<\/li>\n<li>per fare <strong>escursioni e vedere anche le cascate<\/strong>: North Adams<strong>, <\/strong>Framingham, Concord, Stockbridge, Fall River, Springfield.<\/li>\n<\/ul>\n<p>Vuoi avere un <strong>itinerario di viaggio personalizzato<\/strong> per scoprire il Massachusetts e <a href=\"https:\/\/statiuniti.evolutiontravel.it\/infovacanze\/da-vedere\/\">tutto quel che c&#8217;\u00e8 da vedere in America<\/a>? <strong>Contattaci senza impegno<\/strong> e ti forniremo tante informazioni e consigli utili oppure dai subito <span style=\"color: #008000\"><strong>un&#8217;occhiata alle super-offerte qui sotto!<\/strong><\/span><\/p>\n<p>&nbsp;<\/p>\n<h3 style=\"text-align: center\"><strong>&#8220;<span style=\"color: #008000\">SPECIALE MASSACHUSETTS<\/span>&#8221; <\/strong>IMPREDIBILI OFFERTE <strong>di Evolution Travel<\/strong><\/h3>\n<p style=\"text-align: center\">Guarda tutte le ultime offerte pubblicate: <strong><span style=\"color: #008000\">CLICCA E SCOPRI<\/span><\/strong> programma, foto, commenti!<\/p>\n<div class=\"feedzy-8254823caa57e66f07f73b08fd887fbd feedzy-rss\">\n\t\t<ul class=\"feedzy-style2\">\n\t\t\t\t\t<li  style=\"padding: 23px 0 38px\" class=\"rss_item feedzy-rss-col-3\" >\n\t\t\t\t\t\t\t\t\t<div class=\"rss_image\" style=\"width:225px; height:225px;\">\n\t\t\t\t\t\t<a href=\"https:\/\/statiuniti.evolutiontravel.it\/it_IT\/906\/tab\/37214_new-england-explorer-self-drive.html\" target=\"_blank\" \n\t\t\t\t\t\t\trel=\"noopener \"\n\t\t\t\t\t\t\ttitle=\"New England Explorer - Self Drive\"\n\t\t\t\t\t\t\tstyle=\"width:225px; height:225px;\">\n\t\t\t\t\t\t\t<span class=\"fetched\" style=\"background-image:  url('http:\/\/etcdn.net\/thumbnails\/36236\/it-new-york-splendori-del-new-england-e-del-canada-tour-di-gruppo-63a02.jpg');\" title=\"New England Explorer - Self Drive\"><\/span><amp-img width=\"225\" height=\"225\" src=\"http:\/\/etcdn.net\/thumbnails\/36236\/it-new-york-splendori-del-new-england-e-del-canada-tour-di-gruppo-63a02.jpg\">\t\t\t\t\t\t<\/a>\n\t\t\t\t\t<\/div>\n\t\t\t\t\t\t\t\t<div class=\"rss_content_wrap\">\n\t\t\t\t\t<span class=\"title\">\n\t\t\t\t\t\t<a href=\"https:\/\/statiuniti.evolutiontravel.it\/it_IT\/906\/tab\/37214_new-england-explorer-self-drive.html\" target=\"_blank\"  rel=\"noopener \">\n\t\t\t\t\t\t\tNew England Explorer - Self Drive\t\t\t\t\t\t<\/a>\n\t\t\t\t\t<\/span>\n\t\t\t\t\t<div class=\"rss_content\"\n\t\t\t\t\t\t\tstyle=\"\">\n\t\t\t\t\t\t\n\t\t\t\t\t\t\t\t\t\t\t\t<p class=\"description\">Un itinerario splendido che vi far\u00e0 conoscere alcuni dei luoghi pi\u00f9 caratteristici del New England.<\/p>\n\t\t\t\t\t\t\n\t\t\t\t\t\t\t\t\t\t\t\t\t\t\t\t\t\t\t<div class=\"price-wrap\">\n\t\t\t\t\t\t\t\t<a href=\"https:\/\/statiuniti.evolutiontravel.it\/it_IT\/906\/tab\/37214_new-england-explorer-self-drive.html\" target=\"_blank\" rel=\"noopener\"><button class=\"price\"> 1518<\/button><\/a>\n\t\t\t\t\t\t\t<\/div>\n\t\t\t\t\t\t\t\t\t\t\t<\/div>\n\t\t\t\t<\/div>\n\t\t\t<\/li>\n\t\t\t\t\t\t<li  style=\"padding: 23px 0 38px\" class=\"rss_item feedzy-rss-col-3\" >\n\t\t\t\t\t\t\t\t\t<div class=\"rss_image\" style=\"width:225px; height:225px;\">\n\t\t\t\t\t\t<a href=\"https:\/\/statiuniti.evolutiontravel.it\/it_IT\/906\/tab\/36958_magico-new-england-the-indian-summer.html\" target=\"_blank\" \n\t\t\t\t\t\t\trel=\"noopener \"\n\t\t\t\t\t\t\ttitle=\"Magico New England - The Indian Summer\"\n\t\t\t\t\t\t\tstyle=\"width:225px; height:225px;\">\n\t\t\t\t\t\t\t<span class=\"fetched\" style=\"background-image:  url('http:\/\/etcdn.net\/thumbnails\/9861\/it-boston-meraviglioso-new-england-tour-di-gruppo-62861.jpg');\" title=\"Magico New England - The Indian Summer\"><\/span><amp-img width=\"225\" height=\"225\" src=\"http:\/\/etcdn.net\/thumbnails\/9861\/it-boston-meraviglioso-new-england-tour-di-gruppo-62861.jpg\">\t\t\t\t\t\t<\/a>\n\t\t\t\t\t<\/div>\n\t\t\t\t\t\t\t\t<div class=\"rss_content_wrap\">\n\t\t\t\t\t<span class=\"title\">\n\t\t\t\t\t\t<a href=\"https:\/\/statiuniti.evolutiontravel.it\/it_IT\/906\/tab\/36958_magico-new-england-the-indian-summer.html\" target=\"_blank\"  rel=\"noopener \">\n\t\t\t\t\t\t\tMagico New England - The Indian Summer\t\t\t\t\t\t<\/a>\n\t\t\t\t\t<\/span>\n\t\t\t\t\t<div class=\"rss_content\"\n\t\t\t\t\t\t\tstyle=\"\">\n\t\t\t\t\t\t\n\t\t\t\t\t\t\t\t\t\t\t\t<p class=\"description\">Un fantastico viaggio\u00a0 un'occasione unica per godere della costa del New England con alcune delle sue gemme come Boston e Cape [&hellip;]<\/p>\n\t\t\t\t\t\t\n\t\t\t\t\t\t\t\t\t\t\t\t\t\t\t\t\t\t\t<div class=\"price-wrap\">\n\t\t\t\t\t\t\t\t<a href=\"https:\/\/statiuniti.evolutiontravel.it\/it_IT\/906\/tab\/36958_magico-new-england-the-indian-summer.html\" target=\"_blank\" rel=\"noopener\"><button class=\"price\"> 1790<\/button><\/a>\n\t\t\t\t\t\t\t<\/div>\n\t\t\t\t\t\t\t\t\t\t\t<\/div>\n\t\t\t\t<\/div>\n\t\t\t<\/li>\n\t\t\t\t<\/ul>\n<\/div>\n<style type=\"text\/css\" media=\"all\">.feedzy-rss .rss_item .rss_image{float:left;position:relative;border:none;text-decoration:none;max-width:100%}.feedzy-rss .rss_item .rss_image span{display:inline-block;position:absolute;width:100%;height:100%;background-position:50%;background-size:cover}.feedzy-rss .rss_item .rss_image{margin:.3em 1em 0 0;content-visibility:auto}.feedzy-rss ul{list-style:none}.feedzy-rss ul li{display:inline-block}<\/style>\n","protected":false},"excerpt":{"rendered":"<p>Durante le tue vacanze in Massachusetts potrai vedere davvero tante attrazioni, a partire da Boston, la capitale del Massachusetts. Boston \u00e8 anche la citt\u00e0 pi\u00f9 grande di questo stato americano del New England e una delle pi\u00f9 antiche degli Stati Uniti. Qui ci sono tante occasioni per divertirsi. Per citare solo alcune delle cose da <a class=\"moretag\" href=\"https:\/\/statiuniti.evolutiontravel.it\/infovacanze\/destinazioni\/massachusetts\/\">[&#8230;]<\/a><\/p>\n","protected":false},"author":6,"featured_media":0,"parent":185,"menu_order":0,"comment_status":"closed","ping_status":"open","template":"templates\/template-with-right-sidebar.php","meta":{"footnotes":""},"yoast_head":"<!-- This site is optimized with the Yoast SEO plugin v21.9.1 - https:\/\/yoast.com\/wordpress\/plugins\/seo\/ -->\n<title>Vacanze in Massachusetts: Boston capitale, parchi e attrazioni<\/title>\n<meta name=\"description\" content=\"Scopri con noi il Massachusetts una destinazione di viaggi e vacanze perfetta per tutti! Leggi il nostro articolo e parti con le nostre super offerte!\" \/>\n<meta name=\"robots\" content=\"index, follow, max-snippet:-1, max-image-preview:large, max-video-preview:-1\" \/>\n<link rel=\"canonical\" href=\"https:\/\/statiuniti.evolutiontravel.it\/infovacanze\/destinazioni\/massachusetts\/\" \/>\n<meta name=\"twitter:label1\" content=\"Tempo di lettura stimato\" \/>\n\t<meta name=\"twitter:data1\" content=\"1 minuto\" \/>\n<script type=\"application\/ld+json\" class=\"yoast-schema-graph\">{\"@context\":\"https:\/\/schema.org\",\"@graph\":[{\"@type\":\"WebPage\",\"@id\":\"https:\/\/statiuniti.evolutiontravel.it\/infovacanze\/destinazioni\/massachusetts\/\",\"url\":\"https:\/\/statiuniti.evolutiontravel.it\/infovacanze\/destinazioni\/massachusetts\/\",\"name\":\"Vacanze in Massachusetts: Boston capitale, parchi e attrazioni\",\"isPartOf\":{\"@id\":\"https:\/\/statiuniti.evolutiontravel.it\/infovacanze\/#website\"},\"datePublished\":\"2013-08-21T16:15:16+00:00\",\"dateModified\":\"2019-05-22T08:35:26+00:00\",\"description\":\"Scopri con noi il Massachusetts una destinazione di viaggi e vacanze perfetta per tutti! Leggi il nostro articolo e parti con le nostre super offerte!\",\"breadcrumb\":{\"@id\":\"https:\/\/statiuniti.evolutiontravel.it\/infovacanze\/destinazioni\/massachusetts\/#breadcrumb\"},\"inLanguage\":\"it-IT\",\"potentialAction\":[{\"@type\":\"ReadAction\",\"target\":[\"https:\/\/statiuniti.evolutiontravel.it\/infovacanze\/destinazioni\/massachusetts\/\"]}]},{\"@type\":\"BreadcrumbList\",\"@id\":\"https:\/\/statiuniti.evolutiontravel.it\/infovacanze\/destinazioni\/massachusetts\/#breadcrumb\",\"itemListElement\":[{\"@type\":\"ListItem\",\"position\":1,\"name\":\"Destinazioni americane da visitare\",\"item\":\"https:\/\/statiuniti.evolutiontravel.it\/infovacanze\/destinazioni\/\"},{\"@type\":\"ListItem\",\"position\":2,\"name\":\"Massachusetts\"}]},{\"@type\":\"WebSite\",\"@id\":\"https:\/\/statiuniti.evolutiontravel.it\/infovacanze\/#website\",\"url\":\"https:\/\/statiuniti.evolutiontravel.it\/infovacanze\/\",\"name\":\"Stati Uniti\",\"description\":\"\",\"potentialAction\":[{\"@type\":\"SearchAction\",\"target\":{\"@type\":\"EntryPoint\",\"urlTemplate\":\"https:\/\/statiuniti.evolutiontravel.it\/infovacanze\/?s={search_term_string}\"},\"query-input\":\"required name=search_term_string\"}],\"inLanguage\":\"it-IT\"}]}<\/script>\n<!-- \/ Yoast SEO plugin. -->","yoast_head_json":{"title":"Vacanze in Massachusetts: Boston capitale, parchi e attrazioni","description":"Scopri con noi il Massachusetts una destinazione di viaggi e vacanze perfetta per tutti! Leggi il nostro articolo e parti con le nostre super offerte!","robots":{"index":"index","follow":"follow","max-snippet":"max-snippet:-1","max-image-preview":"max-image-preview:large","max-video-preview":"max-video-preview:-1"},"canonical":"https:\/\/statiuniti.evolutiontravel.it\/infovacanze\/destinazioni\/massachusetts\/","twitter_misc":{"Tempo di lettura stimato":"1 minuto"},"schema":{"@context":"https:\/\/schema.org","@graph":[{"@type":"WebPage","@id":"https:\/\/statiuniti.evolutiontravel.it\/infovacanze\/destinazioni\/massachusetts\/","url":"https:\/\/statiuniti.evolutiontravel.it\/infovacanze\/destinazioni\/massachusetts\/","name":"Vacanze in Massachusetts: Boston capitale, parchi e attrazioni","isPartOf":{"@id":"https:\/\/statiuniti.evolutiontravel.it\/infovacanze\/#website"},"datePublished":"2013-08-21T16:15:16+00:00","dateModified":"2019-05-22T08:35:26+00:00","description":"Scopri con noi il Massachusetts una destinazione di viaggi e vacanze perfetta per tutti! Leggi il nostro articolo e parti con le nostre super offerte!","breadcrumb":{"@id":"https:\/\/statiuniti.evolutiontravel.it\/infovacanze\/destinazioni\/massachusetts\/#breadcrumb"},"inLanguage":"it-IT","potentialAction":[{"@type":"ReadAction","target":["https:\/\/statiuniti.evolutiontravel.it\/infovacanze\/destinazioni\/massachusetts\/"]}]},{"@type":"BreadcrumbList","@id":"https:\/\/statiuniti.evolutiontravel.it\/infovacanze\/destinazioni\/massachusetts\/#breadcrumb","itemListElement":[{"@type":"ListItem","position":1,"name":"Destinazioni americane da visitare","item":"https:\/\/statiuniti.evolutiontravel.it\/infovacanze\/destinazioni\/"},{"@type":"ListItem","position":2,"name":"Massachusetts"}]},{"@type":"WebSite","@id":"https:\/\/statiuniti.evolutiontravel.it\/infovacanze\/#website","url":"https:\/\/statiuniti.evolutiontravel.it\/infovacanze\/","name":"Stati Uniti","description":"","potentialAction":[{"@type":"SearchAction","target":{"@type":"EntryPoint","urlTemplate":"https:\/\/statiuniti.evolutiontravel.it\/infovacanze\/?s={search_term_string}"},"query-input":"required name=search_term_string"}],"inLanguage":"it-IT"}]}},"_links":{"self":[{"href":"https:\/\/statiuniti.evolutiontravel.it\/infovacanze\/wp-json\/wp\/v2\/pages\/252"}],"collection":[{"href":"https:\/\/statiuniti.evolutiontravel.it\/infovacanze\/wp-json\/wp\/v2\/pages"}],"about":[{"href":"https:\/\/statiuniti.evolutiontravel.it\/infovacanze\/wp-json\/wp\/v2\/types\/page"}],"author":[{"embeddable":true,"href":"https:\/\/statiuniti.evolutiontravel.it\/infovacanze\/wp-json\/wp\/v2\/users\/6"}],"replies":[{"embeddable":true,"href":"https:\/\/statiuniti.evolutiontravel.it\/infovacanze\/wp-json\/wp\/v2\/comments?post=252"}],"version-history":[{"count":11,"href":"https:\/\/statiuniti.evolutiontravel.it\/infovacanze\/wp-json\/wp\/v2\/pages\/252\/revisions"}],"predecessor-version":[{"id":2126,"href":"https:\/\/statiuniti.evolutiontravel.it\/infovacanze\/wp-json\/wp\/v2\/pages\/252\/revisions\/2126"}],"up":[{"embeddable":true,"href":"https:\/\/statiuniti.evolutiontravel.it\/infovacanze\/wp-json\/wp\/v2\/pages\/185"}],"wp:attachment":[{"href":"https:\/\/statiuniti.evolutiontravel.it\/infovacanze\/wp-json\/wp\/v2\/media?parent=252"}],"curies":[{"name":"wp","href":"https:\/\/api.w.org\/{rel}","templated":true}]}}