{"id":196,"date":"2013-08-21T17:43:17","date_gmt":"2013-08-21T15:43:17","guid":{"rendered":"http:\/\/statiuniti.evolutiontravel.it\/infovacanze\/?page_id=196"},"modified":"2019-05-17T11:25:57","modified_gmt":"2019-05-17T09:25:57","slug":"san-francisco","status":"publish","type":"page","link":"https:\/\/statiuniti.evolutiontravel.it\/infovacanze\/destinazioni\/san-francisco\/","title":{"rendered":"San Francisco, ecco cosa vedere"},"content":{"rendered":"<p>A <strong>San Francisco<\/strong>, nord California, ci sono <strong>molte attrazioni da vedere<\/strong> durante la tua vacanza negli Stati Uniti.<\/p>\n<p>Tra tutte le attrazioni noi te ne segnaliamo<strong> almeno 8 imperdibili<\/strong>:<\/p>\n<p>1 &#8211; <a title=\"sito ufficiale acquario san francisco\" href=\"https:\/\/www.aquariumofthebay.org\/\" target=\"_blank\" rel=\"noopener\"><strong>Acquario of the Bay Pier 39<\/strong><\/a> (PIER 39 The Embarcadero &amp;, Beach St). Passegi in mezzo a squali e pesci di ogni specie grazie ai tunnel sottomarini.<\/p>\n<p>2 &#8211; Il ponte sospeo &#8220;<strong>Golden Gate Bridge<\/strong>&#8221; in stile art deco, collega la citt\u00e0 alla baia, percorribile sia con auto che a piedi.<\/p>\n<p>3 &#8211; <strong>Cable car<\/strong>: la rete funicolare di San Francisco \u00e8 un&#8217;attrazione turistica a tutti gli effetti: prendetela almeno una volta!<\/p>\n<p>4 &#8211; la famosa prigione <a title=\"sito web Alcatraz\" href=\"https:\/\/www.nps.gov\/alca\/index.htm\" target=\"_blank\" rel=\"noopener\"><strong>Alcatraz.<\/strong><\/a><\/p>\n<p>5 &#8211;<a title=\"museo arte moderna san francisco\" href=\"https:\/\/www.sfmoma.org\/\" target=\"_blank\" rel=\"noopener\"><strong>\u00a0Museo di Arte Moderna<\/strong><\/a> (Yearba Buena).<\/p>\n<p>6 &#8211;<a title=\"museo cartoni animati san francisco\" href=\"https:\/\/www.cartoonart.org\/\" target=\"_blank\" rel=\"noopener\"><strong>\u00a0Cartoon Art Museum<\/strong><\/a> ideale per tutta la famiglia, soprattutto per i bambini perch\u00e8 ospita il mondo dei cartoni animati.<\/p>\n<p>7 &#8211; Il parco di San Francisco: il <a title=\"parco san francisco\" href=\"https:\/\/sfrecpark.org\/parks-open-spaces\/golden-gate-park-guide\/\" target=\"_blank\" rel=\"noopener\"><strong>Golden Gate Park<\/strong><\/a> per passeggiare tra boschi e giardini, Questa \u00e8 un&#8217;attrazione tutte naturale!<\/p>\n<p>8 &#8211; La torre <a title=\"torre san francisco\" href=\"https:\/\/sfrecpark.org\/destination\/telegraph-hill-pioneer-park\/coit-tower\/\" target=\"_blank\" rel=\"noopener\"><strong>Coit Tower<\/strong><\/a> con panorami mozzafiato da dove scattare mille foto e selfie.<\/p>\n<div id=\"attachment_1070\" style=\"width: 410px\" class=\"wp-caption alignright\"><a href=\"https:\/\/statiuniti.evolutiontravel.it\/infovacanze\/wp-content\/uploads\/sites\/17\/2013\/08\/tram-san-francisco.jpg\"><img loading=\"lazy\" decoding=\"async\" aria-describedby=\"caption-attachment-1070\" class=\"wp-image-1070 size-full\" src=\"https:\/\/statiuniti.evolutiontravel.it\/infovacanze\/wp-content\/uploads\/sites\/17\/2013\/08\/tram-san-francisco.jpg\" alt=\"cable car di san francisco\" width=\"400\" height=\"265\" srcset=\"https:\/\/statiuniti.evolutiontravel.it\/infovacanze\/wp-content\/uploads\/sites\/17\/2013\/08\/tram-san-francisco.jpg 400w, https:\/\/statiuniti.evolutiontravel.it\/infovacanze\/wp-content\/uploads\/sites\/17\/2013\/08\/tram-san-francisco-300x199.jpg 300w\" sizes=\"(max-width: 400px) 100vw, 400px\" \/><\/a><p id=\"caption-attachment-1070\" class=\"wp-caption-text\"><strong>Cable Car<\/strong> di San Francisco<\/p><\/div>\n<p>Se poi andrete a San Francisco in un <strong>periodo di eventi<\/strong> allora la vacanza sar\u00e0 ancora pi\u00f9 emozionante.<\/p>\n<h2>San Francisco: eventi in citt\u00e0<\/h2>\n<p>Per esempio in questa citt\u00e0 americana, a <strong>fine gennaio<\/strong>, c&#8217;\u00e8 il suggestivo <strong>Capodanno Cinese<\/strong> ricco di manifestazioni.<\/p>\n<p>Oppure, <strong>a maggio<\/strong>, un&#8217;eccentrica maratona: la <a href=\"https:\/\/www.baytobreakers.com\/\" target=\"_blank\" rel=\"noopener\"><strong>Bay to breakers<\/strong><\/a> dove tutti corrono travestiti da qualcosa!<\/p>\n<p>Poi qui si tiene il famoso <strong>Pink Saturday\u00a0<\/strong>che raccoglie circa mezzo milione di persone ogni anno ed l&#8217;evento gay per eccellenza.<\/p>\n<p>A San Francisco infatti vige il <strong>rispetto totale delle diversit\u00e0<\/strong>: unioni gay, grandi movimenti associativi per il rispetto dell\u2019omosessualit\u00e0 e una cultura transgender fanno di San Francisco un\u2019icona.<\/p>\n<p>&nbsp;<\/p>\n<h3><\/h3>\n<h3 style=\"text-align: center\">SPECIALE &#8220;<strong><span style=\"color: #008000\">VACANZE IN CALIFORNIA<\/span><\/strong>&#8221; con Evolution Travel<\/h3>\n<p style=\"text-align: center\">Tutti i dettagli delle nostre offerte in un solo click.<\/p>\n<p style=\"text-align: center\"><span style=\"color: #008000\"><strong>CLICCA E SCOPRI<\/strong><\/span>: <strong>programma<\/strong> dettagliato, <strong>itinerari<\/strong>, <strong>foto<\/strong> e <strong>commenti<\/strong>!<\/p>\n<div class=\"feedzy-732bcde5b76381f965561ecfdfdb87aa feedzy-rss\">\n\t\t<ul class=\"feedzy-style2\">\n\t\t\t\t\t<li  style=\"padding: 23px 0 38px\" class=\"rss_item feedzy-rss-col-3\" >\n\t\t\t\t\t\t\t\t\t<div class=\"rss_image\" style=\"width:225px; height:225px;\">\n\t\t\t\t\t\t<a href=\"https:\/\/statiuniti.evolutiontravel.it\/it_IT\/906\/tab\/41693_teampak-west-i-grandi-classici-dellovest.html\" target=\"_blank\" \n\t\t\t\t\t\t\trel=\"noopener \"\n\t\t\t\t\t\t\ttitle=\"TeamPak West - I grandi classici dell&#039;Ovest\"\n\t\t\t\t\t\t\tstyle=\"width:225px; height:225px;\">\n\t\t\t\t\t\t\t<span class=\"fetched\" style=\"background-image:  url('http:\/\/etcdn.net\/thumbnails\/41693\/it-los-angeles-teampak-west-i-grandi-classici-dellovest-881bd.jpg');\" title=\"TeamPak West - I grandi classici dell&#039;Ovest\"><\/span><amp-img width=\"225\" height=\"225\" src=\"http:\/\/etcdn.net\/thumbnails\/41693\/it-los-angeles-teampak-west-i-grandi-classici-dellovest-881bd.jpg\">\t\t\t\t\t\t<\/a>\n\t\t\t\t\t<\/div>\n\t\t\t\t\t\t\t\t<div class=\"rss_content_wrap\">\n\t\t\t\t\t<span class=\"title\">\n\t\t\t\t\t\t<a href=\"https:\/\/statiuniti.evolutiontravel.it\/it_IT\/906\/tab\/41693_teampak-west-i-grandi-classici-dellovest.html\" target=\"_blank\"  rel=\"noopener \">\n\t\t\t\t\t\t\tTeamPak West - I grandi classici dell'Ovest\t\t\t\t\t\t<\/a>\n\t\t\t\t\t<\/span>\n\t\t\t\t\t<div class=\"rss_content\"\n\t\t\t\t\t\t\tstyle=\"\">\n\t\t\t\t\t\t\n\t\t\t\t\t\t\t\t\t\t\t\t<p class=\"description\">Da Los Angeles ai grandi parchi dell\u2019Ovest americano, attraversando deserti, canyon e strade iconiche. Un tour di gruppo in [&hellip;]<\/p>\n\t\t\t\t\t\t\n\t\t\t\t\t\t\t\t\t\t\t\t\t\t\t\t\t\t\t<div class=\"price-wrap\">\n\t\t\t\t\t\t\t\t<a href=\"https:\/\/statiuniti.evolutiontravel.it\/it_IT\/906\/tab\/41693_teampak-west-i-grandi-classici-dellovest.html\" target=\"_blank\" rel=\"noopener\"><button class=\"price\"> 1030<\/button><\/a>\n\t\t\t\t\t\t\t<\/div>\n\t\t\t\t\t\t\t\t\t\t\t<\/div>\n\t\t\t\t<\/div>\n\t\t\t<\/li>\n\t\t\t\t\t\t<li  style=\"padding: 23px 0 38px\" class=\"rss_item feedzy-rss-col-3\" >\n\t\t\t\t\t\t\t\t\t<div class=\"rss_image\" style=\"width:225px; height:225px;\">\n\t\t\t\t\t\t<a href=\"https:\/\/statiuniti.evolutiontravel.it\/it_IT\/906\/tab\/41694_teamtour-west-complete-i-grandi-classici-dellovest-in-bb.html\" target=\"_blank\" \n\t\t\t\t\t\t\trel=\"noopener \"\n\t\t\t\t\t\t\ttitle=\"TeamTour West Complete - I grandi classici dell&#039;Ovest in B&amp;B\"\n\t\t\t\t\t\t\tstyle=\"width:225px; height:225px;\">\n\t\t\t\t\t\t\t<span class=\"fetched\" style=\"background-image:  url('http:\/\/etcdn.net\/thumbnails\/41693\/it-los-angeles-teampak-west-i-grandi-classici-dellovest-881bd.jpg');\" title=\"TeamTour West Complete - I grandi classici dell&#039;Ovest in B&amp;B\"><\/span><amp-img width=\"225\" height=\"225\" src=\"http:\/\/etcdn.net\/thumbnails\/41693\/it-los-angeles-teampak-west-i-grandi-classici-dellovest-881bd.jpg\">\t\t\t\t\t\t<\/a>\n\t\t\t\t\t<\/div>\n\t\t\t\t\t\t\t\t<div class=\"rss_content_wrap\">\n\t\t\t\t\t<span class=\"title\">\n\t\t\t\t\t\t<a href=\"https:\/\/statiuniti.evolutiontravel.it\/it_IT\/906\/tab\/41694_teamtour-west-complete-i-grandi-classici-dellovest-in-bb.html\" target=\"_blank\"  rel=\"noopener \">\n\t\t\t\t\t\t\tTeamTour West Complete - I grandi classici dell'Ovest in B&amp;B\t\t\t\t\t\t<\/a>\n\t\t\t\t\t<\/span>\n\t\t\t\t\t<div class=\"rss_content\"\n\t\t\t\t\t\t\tstyle=\"\">\n\t\t\t\t\t\t\n\t\t\t\t\t\t\t\t\t\t\t\t<p class=\"description\">Da Los Angeles ai grandi parchi dell\u2019Ovest americano, attraversando deserti, canyon e strade iconiche. Un tour di gruppo in [&hellip;]<\/p>\n\t\t\t\t\t\t\n\t\t\t\t\t\t\t\t\t\t\t\t\t\t\t\t\t\t\t<div class=\"price-wrap\">\n\t\t\t\t\t\t\t\t<a href=\"https:\/\/statiuniti.evolutiontravel.it\/it_IT\/906\/tab\/41694_teamtour-west-complete-i-grandi-classici-dellovest-in-bb.html\" target=\"_blank\" rel=\"noopener\"><button class=\"price\"> 645<\/button><\/a>\n\t\t\t\t\t\t\t<\/div>\n\t\t\t\t\t\t\t\t\t\t\t<\/div>\n\t\t\t\t<\/div>\n\t\t\t<\/li>\n\t\t\t\t\t\t<li  style=\"padding: 23px 0 38px\" class=\"rss_item feedzy-rss-col-3\" >\n\t\t\t\t\t\t\t\t\t<div class=\"rss_image\" style=\"width:225px; height:225px;\">\n\t\t\t\t\t\t<a href=\"https:\/\/statiuniti.evolutiontravel.it\/it_IT\/906\/tab\/9877_pacchetto-dellovest-tour-di-gruppo-in-italiano.html\" target=\"_blank\" \n\t\t\t\t\t\t\trel=\"noopener \"\n\t\t\t\t\t\t\ttitle=\"Pacchetto dell&#039;Ovest - Tour di gruppo in italiano\"\n\t\t\t\t\t\t\tstyle=\"width:225px; height:225px;\">\n\t\t\t\t\t\t\t<span class=\"fetched\" style=\"background-image:  url('http:\/\/etcdn.net\/thumbnails\/9877\/it-los-angeles-tour-di-gruppo-pacchetto-dellovest-51a70.jpg');\" title=\"Pacchetto dell&#039;Ovest - Tour di gruppo in italiano\"><\/span><amp-img width=\"225\" height=\"225\" src=\"http:\/\/etcdn.net\/thumbnails\/9877\/it-los-angeles-tour-di-gruppo-pacchetto-dellovest-51a70.jpg\">\t\t\t\t\t\t<\/a>\n\t\t\t\t\t<\/div>\n\t\t\t\t\t\t\t\t<div class=\"rss_content_wrap\">\n\t\t\t\t\t<span class=\"title\">\n\t\t\t\t\t\t<a href=\"https:\/\/statiuniti.evolutiontravel.it\/it_IT\/906\/tab\/9877_pacchetto-dellovest-tour-di-gruppo-in-italiano.html\" target=\"_blank\"  rel=\"noopener \">\n\t\t\t\t\t\t\tPacchetto dell'Ovest - Tour di gruppo in italiano\t\t\t\t\t\t<\/a>\n\t\t\t\t\t<\/span>\n\t\t\t\t\t<div class=\"rss_content\"\n\t\t\t\t\t\t\tstyle=\"\">\n\t\t\t\t\t\t\n\t\t\t\t\t\t\t\t\t\t\t\t<p class=\"description\">Tour di Gruppo 13 giorni\/12 notti: un tour completo dove vi sentirete totalmente coccolati mentre andate alla scoperta del mitico [&hellip;]<\/p>\n\t\t\t\t\t\t\n\t\t\t\t\t\t\t\t\t\t\t\t\t\t\t\t\t\t\t<div class=\"price-wrap\">\n\t\t\t\t\t\t\t\t<a href=\"https:\/\/statiuniti.evolutiontravel.it\/it_IT\/906\/tab\/9877_pacchetto-dellovest-tour-di-gruppo-in-italiano.html\" target=\"_blank\" rel=\"noopener\"><button class=\"price\"> 3391<\/button><\/a>\n\t\t\t\t\t\t\t<\/div>\n\t\t\t\t\t\t\t\t\t\t\t<\/div>\n\t\t\t\t<\/div>\n\t\t\t<\/li>\n\t\t\t\t\t\t<li  style=\"padding: 23px 0 38px\" class=\"rss_item feedzy-rss-col-3\" >\n\t\t\t\t\t\t\t\t\t<div class=\"rss_image\" style=\"width:225px; height:225px;\">\n\t\t\t\t\t\t<a href=\"https:\/\/statiuniti.evolutiontravel.it\/it_IT\/906\/tab\/41438_self-drive-west-coast.html\" target=\"_blank\" \n\t\t\t\t\t\t\trel=\"noopener \"\n\t\t\t\t\t\t\ttitle=\"Self Drive West Coast\"\n\t\t\t\t\t\t\tstyle=\"width:225px; height:225px;\">\n\t\t\t\t\t\t\t<span class=\"fetched\" style=\"background-image:  url('http:\/\/etcdn.net\/thumbnails\/9626\/it-san-francisco-southwestern-panoramas-tour-di-gruppo-51c5a.jpg');\" title=\"Self Drive West Coast\"><\/span><amp-img width=\"225\" height=\"225\" src=\"http:\/\/etcdn.net\/thumbnails\/9626\/it-san-francisco-southwestern-panoramas-tour-di-gruppo-51c5a.jpg\">\t\t\t\t\t\t<\/a>\n\t\t\t\t\t<\/div>\n\t\t\t\t\t\t\t\t<div class=\"rss_content_wrap\">\n\t\t\t\t\t<span class=\"title\">\n\t\t\t\t\t\t<a href=\"https:\/\/statiuniti.evolutiontravel.it\/it_IT\/906\/tab\/41438_self-drive-west-coast.html\" target=\"_blank\"  rel=\"noopener \">\n\t\t\t\t\t\t\tSelf Drive West Coast\t\t\t\t\t\t<\/a>\n\t\t\t\t\t<\/span>\n\t\t\t\t\t<div class=\"rss_content\"\n\t\t\t\t\t\t\tstyle=\"\">\n\t\t\t\t\t\t\n\t\t\t\t\t\t\t\t\t\t\t\t<p class=\"description\">Un suggestivo itinerario di 15 giorni attraverso il West da San Francisco a Los Angeles<\/p>\n\t\t\t\t\t\t\n\t\t\t\t\t\t\t\t\t\t\t\t\t\t\t\t\t\t\t<div class=\"price-wrap\">\n\t\t\t\t\t\t\t\t<a href=\"https:\/\/statiuniti.evolutiontravel.it\/it_IT\/906\/tab\/41438_self-drive-west-coast.html\" target=\"_blank\" rel=\"noopener\"><button class=\"price\"> 1750<\/button><\/a>\n\t\t\t\t\t\t\t<\/div>\n\t\t\t\t\t\t\t\t\t\t\t<\/div>\n\t\t\t\t<\/div>\n\t\t\t<\/li>\n\t\t\t\t\t\t<li  style=\"padding: 23px 0 38px\" class=\"rss_item feedzy-rss-col-3\" >\n\t\t\t\t\t\t\t\t\t<div class=\"rss_image\" style=\"width:225px; height:225px;\">\n\t\t\t\t\t\t<a href=\"https:\/\/statiuniti.evolutiontravel.it\/it_IT\/906\/tab\/41424_golden-west-tour-di-gruppo-da-los-angeles-a-san-francisco-con-accompagnatore-dallitalia-piccolo.html\" target=\"_blank\" \n\t\t\t\t\t\t\trel=\"noopener \"\n\t\t\t\t\t\t\ttitle=\"Golden West - Tour di gruppo da Los Angeles a San Francisco con accompagnatore dall&#039;Italia, piccolo\"\n\t\t\t\t\t\t\tstyle=\"width:225px; height:225px;\">\n\t\t\t\t\t\t\t<span class=\"fetched\" style=\"background-image:  url('http:\/\/etcdn.net\/thumbnails\/32117\/it-los-angeles-forever-west-tour-di-gruppo-51a40.jpg');\" title=\"Golden West - Tour di gruppo da Los Angeles a San Francisco con accompagnatore dall&#039;Italia, piccolo\"><\/span><amp-img width=\"225\" height=\"225\" src=\"http:\/\/etcdn.net\/thumbnails\/32117\/it-los-angeles-forever-west-tour-di-gruppo-51a40.jpg\">\t\t\t\t\t\t<\/a>\n\t\t\t\t\t<\/div>\n\t\t\t\t\t\t\t\t<div class=\"rss_content_wrap\">\n\t\t\t\t\t<span class=\"title\">\n\t\t\t\t\t\t<a href=\"https:\/\/statiuniti.evolutiontravel.it\/it_IT\/906\/tab\/41424_golden-west-tour-di-gruppo-da-los-angeles-a-san-francisco-con-accompagnatore-dallitalia-piccolo.html\" target=\"_blank\"  rel=\"noopener \">\n\t\t\t\t\t\t\tGolden West - Tour di gruppo da Los Angeles a San Francisco con accompagnatore dall'Italia, piccolo\t\t\t\t\t\t<\/a>\n\t\t\t\t\t<\/span>\n\t\t\t\t\t<div class=\"rss_content\"\n\t\t\t\t\t\t\tstyle=\"\">\n\t\t\t\t\t\t\n\t\t\t\t\t\t\t\t\t\t\t\t<p class=\"description\">Un suggestivo itinerario di 14 giorni attraverso la magia del West Americano con tour in date garantite!<\/p>\n\t\t\t\t\t\t\n\t\t\t\t\t\t\t\t\t\t\t\t\t\t\t\t\t\t\t<div class=\"price-wrap\">\n\t\t\t\t\t\t\t\t<a href=\"https:\/\/statiuniti.evolutiontravel.it\/it_IT\/906\/tab\/41424_golden-west-tour-di-gruppo-da-los-angeles-a-san-francisco-con-accompagnatore-dallitalia-piccolo.html\" target=\"_blank\" rel=\"noopener\"><button class=\"price\"> 4199<\/button><\/a>\n\t\t\t\t\t\t\t<\/div>\n\t\t\t\t\t\t\t\t\t\t\t<\/div>\n\t\t\t\t<\/div>\n\t\t\t<\/li>\n\t\t\t\t\t\t<li  style=\"padding: 23px 0 38px\" class=\"rss_item feedzy-rss-col-3\" >\n\t\t\t\t\t\t\t\t\t<div class=\"rss_image\" style=\"width:225px; height:225px;\">\n\t\t\t\t\t\t<a href=\"https:\/\/statiuniti.evolutiontravel.it\/it_IT\/906\/tab\/39604_highlights-del-west-self-drive.html\" target=\"_blank\" \n\t\t\t\t\t\t\trel=\"noopener \"\n\t\t\t\t\t\t\ttitle=\"Highlights del West  - Self Drive\"\n\t\t\t\t\t\t\tstyle=\"width:225px; height:225px;\">\n\t\t\t\t\t\t\t<span class=\"fetched\" style=\"background-image:  url('http:\/\/etcdn.net\/thumbnails\/32117\/it-los-angeles-forever-west-tour-di-gruppo-51a40.jpg');\" title=\"Highlights del West  - Self Drive\"><\/span><amp-img width=\"225\" height=\"225\" src=\"http:\/\/etcdn.net\/thumbnails\/32117\/it-los-angeles-forever-west-tour-di-gruppo-51a40.jpg\">\t\t\t\t\t\t<\/a>\n\t\t\t\t\t<\/div>\n\t\t\t\t\t\t\t\t<div class=\"rss_content_wrap\">\n\t\t\t\t\t<span class=\"title\">\n\t\t\t\t\t\t<a href=\"https:\/\/statiuniti.evolutiontravel.it\/it_IT\/906\/tab\/39604_highlights-del-west-self-drive.html\" target=\"_blank\"  rel=\"noopener \">\n\t\t\t\t\t\t\tHighlights del West  - Self Drive\t\t\t\t\t\t<\/a>\n\t\t\t\t\t<\/span>\n\t\t\t\t\t<div class=\"rss_content\"\n\t\t\t\t\t\t\tstyle=\"\">\n\t\t\t\t\t\t\n\t\t\t\t\t\t\t\t\t\t\t\t<p class=\"description\">Un suggestivo itinerario di 15 giorni attraverso la magia del West Americano!<\/p>\n\t\t\t\t\t\t\n\t\t\t\t\t\t\t\t\t\t\t\t\t\t\t\t\t\t\t<div class=\"price-wrap\">\n\t\t\t\t\t\t\t\t<a href=\"https:\/\/statiuniti.evolutiontravel.it\/it_IT\/906\/tab\/39604_highlights-del-west-self-drive.html\" target=\"_blank\" rel=\"noopener\"><button class=\"price\"> 1450<\/button><\/a>\n\t\t\t\t\t\t\t<\/div>\n\t\t\t\t\t\t\t\t\t\t\t<\/div>\n\t\t\t\t<\/div>\n\t\t\t<\/li>\n\t\t\t\t<\/ul>\n<\/div>\n<style type=\"text\/css\" media=\"all\">.feedzy-rss .rss_item .rss_image{float:left;position:relative;border:none;text-decoration:none;max-width:100%}.feedzy-rss .rss_item .rss_image span{display:inline-block;position:absolute;width:100%;height:100%;background-position:50%;background-size:cover}.feedzy-rss .rss_item .rss_image{margin:.3em 1em 0 0;content-visibility:auto}.feedzy-rss ul{list-style:none}.feedzy-rss ul li{display:inline-block}<\/style>\n","protected":false},"excerpt":{"rendered":"<p>A San Francisco, nord California, ci sono molte attrazioni da vedere durante la tua vacanza negli Stati Uniti. Tra tutte le attrazioni noi te ne segnaliamo almeno 8 imperdibili: 1 &#8211; Acquario of the Bay Pier 39 (PIER 39 The Embarcadero &amp;, Beach St). Passegi in mezzo a squali e pesci di ogni specie grazie <a class=\"moretag\" href=\"https:\/\/statiuniti.evolutiontravel.it\/infovacanze\/destinazioni\/san-francisco\/\">[&#8230;]<\/a><\/p>\n","protected":false},"author":6,"featured_media":0,"parent":185,"menu_order":0,"comment_status":"closed","ping_status":"open","template":"templates\/template-with-right-sidebar.php","meta":{"footnotes":""},"yoast_head":"<!-- This site is optimized with the Yoast SEO plugin v21.9.1 - https:\/\/yoast.com\/wordpress\/plugins\/seo\/ -->\n<title>Attrazioni a San Francisco da vedere in vacanza - Viaggio in California<\/title>\n<meta name=\"description\" content=\"San Francisco, la citt\u00e0 pi\u00f9 dinamica e innovativa della West Coast degli Stati Uniti, California. Scopri con noi le attrazioni da vedere in citt\u00e0!\" \/>\n<meta name=\"robots\" content=\"index, follow, max-snippet:-1, max-image-preview:large, max-video-preview:-1\" \/>\n<link rel=\"canonical\" href=\"https:\/\/statiuniti.evolutiontravel.it\/infovacanze\/destinazioni\/san-francisco\/\" \/>\n<meta name=\"twitter:label1\" content=\"Tempo di lettura stimato\" \/>\n\t<meta name=\"twitter:data1\" content=\"2 minuti\" \/>\n<script type=\"application\/ld+json\" class=\"yoast-schema-graph\">{\"@context\":\"https:\/\/schema.org\",\"@graph\":[{\"@type\":\"WebPage\",\"@id\":\"https:\/\/statiuniti.evolutiontravel.it\/infovacanze\/destinazioni\/san-francisco\/\",\"url\":\"https:\/\/statiuniti.evolutiontravel.it\/infovacanze\/destinazioni\/san-francisco\/\",\"name\":\"Attrazioni a San Francisco da vedere in vacanza - Viaggio in California\",\"isPartOf\":{\"@id\":\"https:\/\/statiuniti.evolutiontravel.it\/infovacanze\/#website\"},\"datePublished\":\"2013-08-21T15:43:17+00:00\",\"dateModified\":\"2019-05-17T09:25:57+00:00\",\"description\":\"San Francisco, la citt\u00e0 pi\u00f9 dinamica e innovativa della West Coast degli Stati Uniti, California. Scopri con noi le attrazioni da vedere in citt\u00e0!\",\"breadcrumb\":{\"@id\":\"https:\/\/statiuniti.evolutiontravel.it\/infovacanze\/destinazioni\/san-francisco\/#breadcrumb\"},\"inLanguage\":\"it-IT\",\"potentialAction\":[{\"@type\":\"ReadAction\",\"target\":[\"https:\/\/statiuniti.evolutiontravel.it\/infovacanze\/destinazioni\/san-francisco\/\"]}]},{\"@type\":\"BreadcrumbList\",\"@id\":\"https:\/\/statiuniti.evolutiontravel.it\/infovacanze\/destinazioni\/san-francisco\/#breadcrumb\",\"itemListElement\":[{\"@type\":\"ListItem\",\"position\":1,\"name\":\"Destinazioni americane da visitare\",\"item\":\"https:\/\/statiuniti.evolutiontravel.it\/infovacanze\/destinazioni\/\"},{\"@type\":\"ListItem\",\"position\":2,\"name\":\"San Francisco, ecco cosa vedere\"}]},{\"@type\":\"WebSite\",\"@id\":\"https:\/\/statiuniti.evolutiontravel.it\/infovacanze\/#website\",\"url\":\"https:\/\/statiuniti.evolutiontravel.it\/infovacanze\/\",\"name\":\"Stati Uniti\",\"description\":\"\",\"potentialAction\":[{\"@type\":\"SearchAction\",\"target\":{\"@type\":\"EntryPoint\",\"urlTemplate\":\"https:\/\/statiuniti.evolutiontravel.it\/infovacanze\/?s={search_term_string}\"},\"query-input\":\"required name=search_term_string\"}],\"inLanguage\":\"it-IT\"}]}<\/script>\n<!-- \/ Yoast SEO plugin. -->","yoast_head_json":{"title":"Attrazioni a San Francisco da vedere in vacanza - Viaggio in California","description":"San Francisco, la citt\u00e0 pi\u00f9 dinamica e innovativa della West Coast degli Stati Uniti, California. Scopri con noi le attrazioni da vedere in citt\u00e0!","robots":{"index":"index","follow":"follow","max-snippet":"max-snippet:-1","max-image-preview":"max-image-preview:large","max-video-preview":"max-video-preview:-1"},"canonical":"https:\/\/statiuniti.evolutiontravel.it\/infovacanze\/destinazioni\/san-francisco\/","twitter_misc":{"Tempo di lettura stimato":"2 minuti"},"schema":{"@context":"https:\/\/schema.org","@graph":[{"@type":"WebPage","@id":"https:\/\/statiuniti.evolutiontravel.it\/infovacanze\/destinazioni\/san-francisco\/","url":"https:\/\/statiuniti.evolutiontravel.it\/infovacanze\/destinazioni\/san-francisco\/","name":"Attrazioni a San Francisco da vedere in vacanza - Viaggio in California","isPartOf":{"@id":"https:\/\/statiuniti.evolutiontravel.it\/infovacanze\/#website"},"datePublished":"2013-08-21T15:43:17+00:00","dateModified":"2019-05-17T09:25:57+00:00","description":"San Francisco, la citt\u00e0 pi\u00f9 dinamica e innovativa della West Coast degli Stati Uniti, California. Scopri con noi le attrazioni da vedere in citt\u00e0!","breadcrumb":{"@id":"https:\/\/statiuniti.evolutiontravel.it\/infovacanze\/destinazioni\/san-francisco\/#breadcrumb"},"inLanguage":"it-IT","potentialAction":[{"@type":"ReadAction","target":["https:\/\/statiuniti.evolutiontravel.it\/infovacanze\/destinazioni\/san-francisco\/"]}]},{"@type":"BreadcrumbList","@id":"https:\/\/statiuniti.evolutiontravel.it\/infovacanze\/destinazioni\/san-francisco\/#breadcrumb","itemListElement":[{"@type":"ListItem","position":1,"name":"Destinazioni americane da visitare","item":"https:\/\/statiuniti.evolutiontravel.it\/infovacanze\/destinazioni\/"},{"@type":"ListItem","position":2,"name":"San Francisco, ecco cosa vedere"}]},{"@type":"WebSite","@id":"https:\/\/statiuniti.evolutiontravel.it\/infovacanze\/#website","url":"https:\/\/statiuniti.evolutiontravel.it\/infovacanze\/","name":"Stati Uniti","description":"","potentialAction":[{"@type":"SearchAction","target":{"@type":"EntryPoint","urlTemplate":"https:\/\/statiuniti.evolutiontravel.it\/infovacanze\/?s={search_term_string}"},"query-input":"required name=search_term_string"}],"inLanguage":"it-IT"}]}},"_links":{"self":[{"href":"https:\/\/statiuniti.evolutiontravel.it\/infovacanze\/wp-json\/wp\/v2\/pages\/196"}],"collection":[{"href":"https:\/\/statiuniti.evolutiontravel.it\/infovacanze\/wp-json\/wp\/v2\/pages"}],"about":[{"href":"https:\/\/statiuniti.evolutiontravel.it\/infovacanze\/wp-json\/wp\/v2\/types\/page"}],"author":[{"embeddable":true,"href":"https:\/\/statiuniti.evolutiontravel.it\/infovacanze\/wp-json\/wp\/v2\/users\/6"}],"replies":[{"embeddable":true,"href":"https:\/\/statiuniti.evolutiontravel.it\/infovacanze\/wp-json\/wp\/v2\/comments?post=196"}],"version-history":[{"count":16,"href":"https:\/\/statiuniti.evolutiontravel.it\/infovacanze\/wp-json\/wp\/v2\/pages\/196\/revisions"}],"predecessor-version":[{"id":2110,"href":"https:\/\/statiuniti.evolutiontravel.it\/infovacanze\/wp-json\/wp\/v2\/pages\/196\/revisions\/2110"}],"up":[{"embeddable":true,"href":"https:\/\/statiuniti.evolutiontravel.it\/infovacanze\/wp-json\/wp\/v2\/pages\/185"}],"wp:attachment":[{"href":"https:\/\/statiuniti.evolutiontravel.it\/infovacanze\/wp-json\/wp\/v2\/media?parent=196"}],"curies":[{"name":"wp","href":"https:\/\/api.w.org\/{rel}","templated":true}]}}